{"id":1389,"date":"2026-01-08T14:10:32","date_gmt":"2026-01-08T13:10:32","guid":{"rendered":"https:\/\/www.memeticdesign.de\/?page_id=1389"},"modified":"2026-01-20T11:53:23","modified_gmt":"2026-01-20T10:53:23","slug":"taxameter-simulator","status":"publish","type":"page","link":"https:\/\/www.memeticdesign.de\/?page_id=1389","title":{"rendered":"Taxameter Simulator"},"content":{"rendered":"\n<div class=\"wp-block-columns are-vertically-aligned-center is-layout-flex wp-container-core-columns-is-layout-1 wp-block-columns-is-layout-flex\" style=\"margin-top:0;margin-bottom:0;padding-right:0;padding-left:0\">\n<div class=\"wp-block-column is-vertically-aligned-center is-layout-flow wp-block-column-is-layout-flow\" style=\"flex-basis:60%\">\n<div class=\"wp-block-group roundedblock has-background has-global-padding is-content-justification-center is-layout-constrained wp-container-core-group-is-layout-1 wp-block-group-is-layout-constrained\" style=\"background-color:#f8a204;padding-top:var(--wp--preset--spacing--30);padding-right:var(--wp--preset--spacing--30);padding-bottom:var(--wp--preset--spacing--30);padding-left:var(--wp--preset--spacing--30)\">\n<p class=\"has-base-color has-text-color has-link-color has-small-font-size wp-elements-ab9ce4a2b823a6b2ba932fa4a229fe09\">Der Taxameter-Simulator ist eine Anwendung f\u00fcr Taxibetriebe und -fahrer und soll den sicheren Umgang mit dem Ger\u00e4t trainieren..<\/p>\n<\/div>\n<\/div>\n\n\n\n<div class=\"wp-block-column is-vertically-aligned-center is-layout-flow wp-block-column-is-layout-flow\" style=\"flex-basis:40%\">\n<div class=\"wp-block-group is-layout-flow wp-block-group-is-layout-flow\">\n<figure class=\"wp-block-image aligncenter size-full is-resized\"><a href=\"https:\/\/www.memeticdesign.de\/apps\/taxameter-simulator\/\"><img loading=\"lazy\" decoding=\"async\" width=\"126\" height=\"150\" src=\"https:\/\/www.memeticdesign.de\/wp-content\/uploads\/taxsim_qrlink128.png\" alt=\"\" class=\"wp-image-1411\" style=\"width:auto;height:120px\"\/><\/a><\/figure>\n<\/div>\n<\/div>\n<\/div>\n\n\n\n<div class=\"wp-block-group has-global-padding is-layout-constrained wp-block-group-is-layout-constrained\" style=\"margin-top:var(--wp--preset--spacing--30);margin-bottom:var(--wp--preset--spacing--30)\">\n<h2 class=\"wp-block-heading has-medium-font-size\">Ausbildung am Simulator<\/h2>\n\n\n\n<p class=\"has-small-font-size\">Vor allem durch die Einf\u00fchrung des Festpreises in Berlin wurde die Bedienung der Ger\u00e4te komplizierter. Nicht jeder Fahrer kam damit klar. Wie sich herausstellte, wurden etwa mit der Funkzentrale vereinbarte Festpreistouren auf der Tarifstufe 2 gefahren. Damit aber riskiert man sp\u00e4ter Probleme mit der Finanzbeh\u00f6rde, da die gesammelten Daten von Unternehmen, Funkzentralen und Steuerbeh\u00f6rden (Taxameter) bei der \u00dcberpr\u00fcfung nicht \u00fcbereinstimmen. Damit das nicht passiert, kann man mit Hilfe des Simulators den Umgang mit dem Ger\u00e4t trainieren<\/p>\n<\/div>\n\n\n\n<div class=\"wp-block-group roundedblock has-background has-global-padding is-layout-constrained wp-container-core-group-is-layout-4 wp-block-group-is-layout-constrained\" style=\"background-color:#fdcf97;margin-top:var(--wp--preset--spacing--30);margin-bottom:var(--wp--preset--spacing--30);padding-top:var(--wp--preset--spacing--30);padding-right:var(--wp--preset--spacing--30);padding-bottom:var(--wp--preset--spacing--30);padding-left:var(--wp--preset--spacing--30)\">\n<h2 class=\"wp-block-heading has-medium-font-size\">Wie k\u00f6nnen Sie das als Unternehmer nutzen?<\/h2>\n\n\n\n<ul class=\"wp-block-list has-small-font-size\">\n<li>Die Benutzung des Semitron-Simulators von unserer Website ist frei<\/li>\n\n\n\n<li>Tarifbereiche: Berlin, Unterst\u00fctzte Ger\u00e4te: Semitron-\u00e4hnliche Ger\u00e4te<\/li>\n\n\n\n<li>Weitere Tarifbereiche bzw. Ger\u00e4te auf Wunsch<\/li>\n\n\n\n<li>Kompatibel mit Smartphone, Tablet oder PC<\/li>\n<\/ul>\n\n\n\n<p class=\"has-small-font-size\">Schreiben Sie uns Ihre Meinung!<\/p>\n<\/div>\n\n\n\n<div class=\"wp-block-group has-global-padding is-layout-constrained wp-container-core-group-is-layout-5 wp-block-group-is-layout-constrained\" style=\"min-height:0px;margin-top:0;margin-bottom:0;padding-top:0;padding-right:0;padding-bottom:0;padding-left:0\">\n<figure class=\"wp-block-image aligncenter size-large is-resized\"><img decoding=\"async\" src=\"https:\/\/www.memeticdesign.de\/wp-content\/uploads\/qrcontact.png\" alt=\"\" style=\"width:auto;height:120px\"\/><\/figure>\n<\/div>\n\n\n\n<div class=\"wp-block-group is-vertical is-layout-flex wp-container-core-group-is-layout-6 wp-block-group-is-layout-flex\"><\/div>\n","protected":false},"excerpt":{"rendered":"<p>Der Taxameter-Simulator ist eine Anwendung f\u00fcr Taxibetriebe und -fahrer und soll den sicheren Umgang mit dem Ger\u00e4t trainieren.. Ausbildung am Simulator Vor allem durch die Einf\u00fchrung des Festpreises in Berlin wurde die Bedienung der Ger\u00e4te komplizierter. Nicht jeder Fahrer kam damit klar. Wie sich herausstellte, wurden etwa mit der Funkzentrale vereinbarte Festpreistouren auf der Tarifstufe [&hellip;]<\/p>\n","protected":false},"author":1,"featured_media":0,"parent":0,"menu_order":0,"comment_status":"closed","ping_status":"closed","template":"wp-custom-template-md-pages","meta":{"footnotes":""},"class_list":["post-1389","page","type-page","status-publish","hentry"],"_links":{"self":[{"href":"https:\/\/www.memeticdesign.de\/index.php?rest_route=\/wp\/v2\/pages\/1389","targetHints":{"allow":["GET"]}}],"collection":[{"href":"https:\/\/www.memeticdesign.de\/index.php?rest_route=\/wp\/v2\/pages"}],"about":[{"href":"https:\/\/www.memeticdesign.de\/index.php?rest_route=\/wp\/v2\/types\/page"}],"author":[{"embeddable":true,"href":"https:\/\/www.memeticdesign.de\/index.php?rest_route=\/wp\/v2\/users\/1"}],"replies":[{"embeddable":true,"href":"https:\/\/www.memeticdesign.de\/index.php?rest_route=%2Fwp%2Fv2%2Fcomments&post=1389"}],"version-history":[{"count":25,"href":"https:\/\/www.memeticdesign.de\/index.php?rest_route=\/wp\/v2\/pages\/1389\/revisions"}],"predecessor-version":[{"id":1515,"href":"https:\/\/www.memeticdesign.de\/index.php?rest_route=\/wp\/v2\/pages\/1389\/revisions\/1515"}],"wp:attachment":[{"href":"https:\/\/www.memeticdesign.de\/index.php?rest_route=%2Fwp%2Fv2%2Fmedia&parent=1389"}],"curies":[{"name":"wp","href":"https:\/\/api.w.org\/{rel}","templated":true}]}}